 349bb (base 12) in base 11?
49015
Convert 2030133142 (base 5) to base 12.
147b3bb
What is -101213363 (base 7) in base 15?
-7bdeab
-11052667 (base 10) to base 12
-3850277
What is -a5347b (base 13) in base 8?
-16571100
Convert 10025533 (base 9) to base 4.
102103322223
What is -13537632 (base 9) in base 12?
-22b0092
114415 (base 6) to base 12
5a0b
Convert -85838 (base 13) to base 14.
-63ad2
What is 684841 (base 12) in base 7?
20112016
4264578 (base 9) to base 5
1041132440
What is 15302727 (base 8) in base 11?
1a86402
100232223100 (base 4) to base 15
5b960d
-175475 (base 10) to base 16
-2ad73
Convert -1211201100 (base 3) to base 4.
-20312103
What is 45575613 (base 8) in base 11?
5649119
What is -4781665 (base 12) in base 8?
-64663155
Convert -1623077 (base 9) to base 12.
-37558a
-3220230 (base 4) to base 3
-202102120
-1101110110100101 (base 2) to base 12
-28a05
Convert 335a20 (base 11) to base 4.
2002212303
2520252 (base 9) to base 12
561802
Convert -1221203200 (base 4) to base 7.
-3450334
What is 31141061 (base 7) in base 9?
4825178
What is -360638 (base 13) in base 4?
-10322002202
What is -1622131 (base 7) in base 2?
-110110101100110010
What is -10011011100111010110 (base 2) in base 14?
-128406
222021220012 (base 3) to base 9
867805
Convert -7526a (base 15) to base 11.
-234380
Convert 153253 (base 8) to base 10.
54955
304535 (base 7) to base 8
145540
510156 (base 10) to base 12
207290
Convert 10011100000100110100101 (base 2) to base 15.
6b051c
Convert -11b143 (base 14) to base 15.
-beb54
-1c9577 (base 14) to base 8
-3721125
What is 152470a (base 13) in base 9?
13627688
What is 17659a (base 11) in base 4?
1002131232
Convert 694165 (base 11) to base 7.
12244316
What is 19c0cb4 (base 14) in base 5?
11241132304
Convert -2024101034 (base 5) to base 4.
-33233320031
What is -21011021012 (base 3) in base 15?
-2bb2b
Convert -6666778 (base 9) to base 8.
-15536366
-10906c (base 13) to base 5
-100004111
What is -13cb728 (base 14) in base 4?
-210300130020
-3413541 (base 7) to base 4
-1213133013
2438a3 (base 16) to base 4
21003202203
-60a556 (base 11) to base 8
-3572472
46749 (base 16) to base 14
77253
-108a99a (base 14) to base 12
-2774250
What is 445133 (base 7) in base 2?
10011001100011100
-57cb94 (base 16) to base 5
-2433104443
4b7fd2 (base 16) to base 8
22677722
Convert 1185380 (base 10) to base 6.
41223512
Convert 1132001020 (base 4) to base 3.
201120020211
Convert 1204422 (base 6) to base 8.
173376
What is 991609 (base 10) in base 11?
618013
Convert -122012212201212 (base 3) to base 8.
-42717407
-46421560 (base 7) to base 15
-556b01
What is 120011013 (base 4) in base 10?
98631
ecc6 (base 15) to base 13
19a88
Convert -111020020 (base 4) to base 13.
-30508
-42415 (base 11) to base 14
-186d0
What is 1212001032 (base 4) in base 5?
101332440
Convert 3023030 (base 4) to base 6.
140112
What is -15032723 (base 8) in base 6?
-201200551
What is 13102000112 (base 4) in base 14?
37987c
711377 (base 8) to base 10
234239
-4325 (base 14) to base 4
-2311031
100000111011111010111 (base 2) to base 14
201459
Convert -1000000111100110111 (base 2) to base 15.
-53c5e
Convert 14026315 (base 7) to base 11.
809641
202000202022 (base 3) to base 15
7bc08
What is -372510 (base 8) in base 15?
-28053
What is -202124342 (base 5) in base 2?
-11000111100101000000
What is -42a161 (base 14) in base 15?
-2e85ee
What is 212431300 (base 6) in base 7?
44011554
What is -4e56b (base 15) in base 14?
-6766c
-2442445 (base 6) to base 16
-1fc9d
What is -34324031 (base 5) in base 10?
-308016
What is 690859 (base 12) in base 6?
100005353
21314600 (base 7) to base 10
1819223
Convert -9ad446 (base 14) to base 8.
-24043446
904562 (base 12) to base 16
224a1a
68513 (base 11) to base 14
28197
-206654 (base 8) to base 5
-4202121
What is -1111110000000100010 (base 2) in base 6?
-15021254
What is 31db5c (base 16) in base 15?
4481d0
Convert 320143 (base 7) to base 6.
1104011
Convert -22021000222 (base 3) to base 12.
-7a115
2203b (base 14) to base 4
110013011
21da6 (base 14) to base 8
240536
-7212a (base 13) to base 3
-101101120001
What is -3100105 (base 6) in base 4?
-210011021
What is -21210010121 (base 3) in base 9?
-253117
What is 10111110110010100 (base 2) in base 13?
35602
5361516 (base 10) to base 15
70d8e6
-3412620 (base 8) to base 3
-1201220011002
Convert 11664732 (base 8) to base 3.
11212020012202
What is 112222020100 (base 3) in base 9?
488210
What is -69a951 (base 12) in base 11?
-a5aa17
-20152221 (base 6) to base 12
-238671
What is -1233231 (base 4) in base 12?
-4179
What is -23202322120 (base 4) in base 8?
-13427230
What is 593a9 (base 11) in base 5?
10220131
-6511640 (base 10) to base 13
-146cb55
Convert -9919556 (base 10) to base 11.
-5665789
-938737 (base 10) to base 6
-32042001
Convert 4595001 (base 10) to base 6.
242253053
What is -107103 (base 11) in base 15?
-357b2
-1001010000000000011 (base 2) to base 12
-1274ab
2616bb (base 12) to base 15
c51e5
-10423120311 (base 5) to base 10
-11535706
-175280 (base 11) to base 4
-1002002323
126f16 (base 16) to base 14
23639c
Convert 4735472 (base 8) to base 15.
1a8229
What is 163583 (base 11) in base 3?
110212212002
What is -1414316 (base 8) in base 7?
-3252626
Convert -ba1b3 (base 13) to base 15.
-69a56
Convert -370705 (base 9) to base 13.
-7aa47
What is 38aa86 (base 15) in base 11?
1598017
Convert -2ced83 (base 15) to base 14.
-4092ba
What is -40122 (base 8) in base 6?
-204122
What is 234511342 (base 6) in base 2?
10000111000100111001110
What is -c69c88 (base 14) in base 7?
-111022131
-1583272 (base 15) to base 4
-323201113232
What is 87 (base 11) in base 9?
115
What is -310179 (base 13) in base 6?
-40254153
-6ac7 (base 13) to base 16
-3abb
What is 6542d (base 15) in base 8?
1164040
295b (base 16) to base 10
10587
What is 114060 (base 12) in base 15?
56e1c
Convert 244749 (base 10) to base 5.
30312444
Convert 32132501 (base 6) to base 4.
3212303311
-111010200111 (base 3) to base 16
-3f205
Convert -21267353 (base 8) to base 4.
-101112323223
Convert -389675 (base 10) to base 12.
-16960b
Convert 6b1415 (base 14) to base 4.
31323313023
What is -161016 (base 9) in base 14?
-281cb
Convert 51467506 (base 8) to base 10.
10907462
347511 (base 8) to base 14
31317
5304939 (base 10) to base 16
50f26b
What is -1997449 (base 12) in base 10?
-5424825
Convert -a3aa26 (base 11) to base 15.
-22e7a6
-600b97 (base 14) to base 15
-43bc23
Convert -120311322 (base 4) to base 8.
-306572
Convert -368645 (base 9) to base 15.
-46082
What is -54515 (base 10) in base 6?
-1100215
What is 479207 (base 10) in base 5?
110313312
What is -311242 (base 8) in base 3?
-12020101120
Convert 47446 (base 11) to base 10.
68415
Convert 123253325 (base 6) to base 12.
97a245
-89762 (base 10) to base 9
-146115
21021111 (base 4) to base 11
26166
Convert 1000101001110110111001 (base 2) to base 10.
2268601
752937 (base 15) to base 6
315314041
What is 12313425 (base 7) in base 2?
100001111101101001011
7383445 (base 9) to base 5
2002433044
Convert 24b53 (base 14) to base 5.
10340122
1067436 (base 8) to base 5
33244330
What is -117718 (base 13) in base 7?
-3353050
What is 10111111100010100001 (base 2) in base 9?
1425166
Convert -101110101010000111110100 (base 2) to base 3.
-212000101222210
-66015 (base 10) to base 2
-10000000111011111
What is -1584a30 (base 14) in base 9?
-21742657
12102001110 (base 3) to base 5
11401343
21032542 (base 6) to base 5
124023204
2ebccf (base 16) to base 8
13536317
-42710 (base 14) to base 11
-aa684
Convert 1b3c8 (base 14) to base 16.
10ef4
1010011101110110 (base 2) to base 6
530250
1122202020 (base 3) to base 13
11b05
-144463542 (base 7) to base 8
-44526333
2200345 (base 6) to base 5
11442001
What is -1793be (base 16) in base 4?
-11321032332
Convert -7c688d (base 15) to base 14.
-b0a92c
Convert 1111130313 (base 4) to base 8.
1253467
What is 95a06 (base 14) in base 6?
11425142
What is -b023a5 (base 12) in base 11?
-1602529
Convert 2213122 (base 5) to base 16.
9689
-20110120000 (base 3) to base 5
-13033001
Convert -1183c17 (base 13) to base 8.
-24567535
-45216104 (base 7) to base 6
-220010355
Convert 23548 (base 10) to base 16.
5bfc
What is -66cd (base 16) in base 8?
-63315
What is -54353 (base 9) in base 12?
-18a10
-35126053 (base 7) to base 3
-12210121111121
Convert 